g - 703 - l = 0. What are the prime factors of g?
2, 37
Suppose -5*d + 71 = 61. Let p be 6/4*52/(-3). What are the prime factors of 4/(0 - d/p)?
2, 13
Let h(o) = o + 6. Let z be h(-3). Let i(y) = 51*y**3 + y**2 - 18*y + 10. What are the prime factors of i(z)?
2, 11, 61
Suppose 1329*f - 170890 = 1283*f. List the prime factors of f.
5, 743
Let t = -11865 - -23863. List the prime factors of t.
2, 7, 857
Let v be 21/7 - (-345)/1. Let u = 568 - v. Suppose u = c + 4*c. List the prime factors of c.
2, 11
Let t(z) be the second derivative of z**5/20 + 5*z**4/4 + z**3/2 + 4*z**2 - 12*z. Let o be t(-15). Let p = 78 + o. What are the prime factors of p?
41
Let g(a) = 1 + 32*a + 223*a + 24*a + 56*a. List the prime factors of g(1).
2, 3, 7
Let c = 112 - -141. Let h = c + -163. List the prime factors of h.
2, 3, 5
Let s be 13 - (12/(-8))/(7/(-14)). What are the prime factors of 27/6*(64 + s)?
3, 37
Let w = 25485 + 1152. List the prime factors of w.
3, 13, 683
Let j(s) = s**2 + 6*s + 2. Let z be j(-8). Suppose -2*g - i = -z, 12*g + 27 = 13*g + 5*i. What are the prime factors of g?
7
Let y = 3382 + 1700. Suppose -204*g = -211*g + y. List the prime factors of g.
2, 3, 11
Let z = 81753 + -51259. What are the prime factors of z?
2, 79, 193
Let t(p) be the third derivative of -p**4/3 + 27*p**3 + 20*p**2. List the prime factors of t(0).
2, 3
List the prime factors of ((-296583)/812)/((-6)/440).
5, 11, 487
Suppose -23843 = 2*z + 3*u, -z = -5*z - 2*u - 47666. What are the prime factors of z/(-10) + 1 + 18/30?
1193
Suppose -141*n + 18333 = -162*n. Let v(t) = -t**2 + 3*t - 1. Let a be v(4). What are the prime factors of (a - 0)*n/45?
97
Let k = 252 + -248. Suppose 0 = -10*v + 13*v - k*m - 2731, 4 = -m. List the prime factors of v.
5, 181
Let x = -5 + 5. Suppose 13*y + 0*y - 2041 = x. List the prime factors of y.
157
Let p = -4932 + 7216. List the prime factors of p.
2, 571
Let o = 11569 - 707. List the prime factors of o.
2, 5431
Suppose i - 10 = -3*u + 153, 3*i - 214 = -4*u. Suppose 0 = -56*t + u*t + 455. List the prime factors of t.
5, 7, 13
Suppose -180*q - 2*f = -181*q + 13, -3*f - 27 = -3*q. Suppose 8*o + 2930 = q*w + 10*o, w + 3*o = 599. What are the prime factors of w?
2, 73
Let c = -43 - -99. Let z be (21/12)/((-7)/c). List the prime factors of 2/1 + 301/z*-4.
2, 11
Let j = -336 + 1346. Let f = j - 390. List the prime factors of f.
2, 5, 31
Let y = 41 - 34. Suppose -1901 = -y*q + 4350. What are the prime factors of q?
19, 47
Let v(p) = -2*p**3 + p**2 + 3*p + 6. Let t be v(-3). Let f = t + -64. What are the prime factors of (-2)/3 + ((-2224)/6)/f?
2, 23
List the prime factors of (-44)/((-285460)/(-31724) - 27/3).
2, 11, 103
Suppose -2*c + 1000 = -168. Let u = c - 222. List the prime factors of u.
2, 181
Suppose 7*z - 4*z = 0. Let f = 72 + 117. Suppose z*j + 7*j = f. What are the prime factors of j?
3
Suppose 63*u - 61864 = -11*u. List the prime factors of u.
2, 11, 19
Suppose 4*y - 12*w - 20 - 208 = 0, -3*w = -12. Let x be (-2 - -4)/((-4)/(-278)). Let p = x - y. What are the prime factors of p?
2, 5, 7
Let h = -109 - -115. What are the prime factors of 1274/112 + 3/(-48)*h?
11
Let m(o) = -o**2 - 7*o - 7. Let z be m(-4). Suppose 0 = z*c - 37 + 27. What are the prime factors of c/(-4)*(14 - 60)?
23
Let h(a) = -a**3 + 22*a**2 + a - 26. Let o be h(22). Let v(l) = 12*l + 17. Let u be v(o). Let n = 39 - u. What are the prime factors of n?
2, 5, 7
Let h(f) = 6*f + 113. Let n(w) = -w**2 + 7*w - 5. Let t be n(4). What are the prime factors of h(t)?
5, 31
List the prime factors of 4 + ((-33)/(-6))/((-15)/(-175530)).
3, 5, 7, 613
What are the prime factors of (-24)/16*7/42*-53624?
2, 6703
List the prime factors of (177 - 183) + (4/(-10) - 42254/(-10)).
4219
What are the prime factors of (380/228)/(1/267)?
5, 89
Let t be (4/5)/((-18)/45). Let w(l) = l + 1. Let o(b) = -15. Let z(u) = t*o(u) - 18*w(u). List the prime factors of z(-3).
2, 3, 11
List the prime factors of -7 + (0 + 2)*(-99428)/(-56).
2, 443
Suppose -4*c + c = 5*u - 808, -4*u + 1351 = 5*c. Let s = -205 + c. What are the prime factors of s?
2, 3, 11
Let q(g) = 285 - 2*g + 39*g - 361. List the prime factors of q(15).
479
Let c = -7972 - -10624. What are the prime factors of c?
2, 3, 13, 17
Suppose 5*t + 83075 = 5*y, 32*y + 66500 = 36*y + 4*t. List the prime factors of y.
2, 3, 5, 277
Let b be (-1264)/(-2)*1/(-2). Let r = b - -1165. What are the prime factors of r?
3, 283
Let z(b) = -b - 17. Let t be z(-21). Suppose 5*a + t*g - 1 = 2*g, -5*a = -g - 7. Let d(y) = 58*y**3 + 2*y**2 - 1. List the prime factors of d(a).
59
Let o(r) = -2*r**3 - r**2 - 3*r + 3. Let p be o(-3). Let d be (-3)/12 + 3567/12. Suppose -i + p = -0*i - x, -x = 5*i - d. List the prime factors of i.
59
Suppose -63 - 579 = -3*g. Suppose 0 = 4*x - 4*l - 928, 3*x + 4*l - g - 503 = 0. List the prime factors of x.
5, 47
Let i(a) = 43*a + 51. Let j be i(-5). Let f = j - -499. What are the prime factors of f?
5, 67
Suppose 59*i - 77*i = -54. Suppose -i*z + 0*z + 288 = -4*q, -4*q = -2*z + 196. What are the prime factors of z?
2, 23
Let g = 214 - 209. Suppose g*y - 3*r + 7*r = 500, 2*y - 4*r = 200. What are the prime factors of y?
2, 5
Suppose 0 = 45*b - 69237 - 185103. List the prime factors of b.
2, 3, 157
Suppose 0 = 9*p + 11 - 65. Let d be p/12 - 213/(-2). What are the prime factors of (d + 18)*(1 - (-1)/(-5))?
2, 5
Let x = -335 - -337. Suppose -3*t + 1737 = x*b + 706, -2549 = -5*b + 2*t. List the prime factors of b.
7, 73
Let v be 82/5 + 2/(-5). Let h(s) = 464*s + 440*s - s**2 - 887*s - 5. What are the prime factors of h(v)?
11
Let h = 164 + -162. Suppose -5*o + 131 = -4*j, -h*j = -1 - 1. What are the prime factors of o?
3
Let p be 534 + -1 + -9 + 14. Suppose -p = -2*r - 2*o, 5*o + 1315 = 5*r - 0*r. List the prime factors of r.
2, 7, 19
Let d(o) = -1421*o + 2427. List the prime factors of d(-29).
2, 10909
What are the prime factors of ((-314)/(-6))/(23/253*(-18)/(-594))?
11, 157
List the prime factors of 18/(-12)*-6 + 9393*1.
2, 3, 1567
Let x(m) = 1394*m - 2. Let f be x(1). Suppose 24*s + f = 28*s. List the prime factors of s.
2, 3, 29
Let k(h) = 40*h - 25. Let y be k(4). Suppose -q + 180 = -y. Suppose -3*n - 2*n = -q. What are the prime factors of n?
3, 7
Let z be (-25 + 1)/((-9)/(-6)). Let b = 39 + z. Let g = b + 11. What are the prime factors of g?
2, 17
List the prime factors of 48144/8 - (-2)/10*0.
2, 3, 17, 59
Let a be -5 - 15*4/(-6). Suppose 3*k + 3*l + 137 = 509, -a*k + 2*l = -585. List the prime factors of k.
7, 17
Let f(b) = -b**3 + 9*b**2 + 8. Let t be f(9). List the prime factors of t/3*(956/8 + 2).
2, 3
Let c be (-3)/((-12)/20) - (-2 + 0). Let k(m) = -m**3 + 6*m**2 + 8*m - 1. Let f be k(c). Let p = f - -154. What are the prime factors of p?
2, 5
Suppose -5*i = 25, 2*w = -0*w - 3*i + 47. Let y(v) = 4*v + 142. Let h be y(-36). Let f = w - h. What are the prime factors of f?
3, 11
Suppose 407 = -z - 4*z - 3*f, 0 = -5*z + 2*f - 412. Let v = z - -808. What are the prime factors of v?
2, 3, 11
Let n(l) be the third derivative of l**6/120 + 11*l**5/30 - l**4/12 - 29*l**3/6 + 77*l**2 - l. List the prime factors of n(-22).
3, 5
Let c(p) = 275*p**2 + 17*p - 1579. List the prime factors of c(17).
5, 19, 823
Let r be ((-684)/(-15))/6 + (-6)/10. Suppose 7 = -r*s + 28. Suppose p = -l + 22, -2*p - s*l = -0*l - 43. List the prime factors of p.
23
Suppose 72*j - 74*j + 24 = 0. List the prime factors of (-18)/j*-410 + 6.
3, 23
Let x(s) = -168*s**2 + 13*s - 29. Let d be x(4). Let t = d - -4378. What are the prime factors of t?
3, 571
Suppose 2*z + 3*a = 13 + 218, -2*z + 207 = -5*a. Let w = 147 + z. What are the prime factors of w?
2, 3, 43
Suppose l = 2*y + 32735 - 7689, 125176 = 5*l - y. List the prime factors of l.
2, 12517
List the prime factors of 14/(-12) - (-1679375)/750.
2, 3, 373
Let t(a) = 157*a + 126. Let b be t(7). Let f = b + -986. What are the prime factors of f?
239
Let r(i) be the first derivative of 703*i**3/3 + 5*i**2/2 + 4*i - 33. What are the prime factors of r(-1)?
2, 3, 13
Let c(z) = -61*z**2 + z - 2. Let i be c(4). List the prime factors of i*(2/1 - 3).
2, 487
Let k be 6 + ((-2)/(-14) - (-198)/(-63)). Suppose 2*t = -2, -k*t - 2008 - 11 = -4*a. What are the prime factors of a?
2, 3, 7
Let y(w) = w**3 + 24*w**2 - 336*w + 78. What are